What is the value of -21 + 47 + -21 + 17?
22
Calculate (18 - (-3 - -5)) + (15 - -6 - 21).
16
Evaluate -4 + 1 + -7 - -13 - (17 + 1).
-15
Evaluate 29 + (10 - 15) - 12.
12
Evaluate 33 + -7 - (0 - -12).
14
Evaluate (-1 - 4 - 0) + (-2 - 3).
-10
Evaluate 1 + (-3 - -1) + -7 + 28 + -28.
-8
Evaluate 14 - (12 - (-35 + 26)).
-7
Evaluate 12 - (-29 + 42) - -18.
17
What is 1 + (-26 + 14 + -10 - -8)?
-13
Calculate (-9 - 6) + 2 - (1 - 5) - -1.
-8
What is 4 - 14 - (7 + 5 + -17)?
-5
What is the value of (-1 - 6 - 4) + -3 + (1 - -3)?
-10
What is -2 - -5 - ((7 - -3) + 2) - -2?
-7
Evaluate 39 + -40 + (1 - 16) + 2 + -2.
-16
Evaluate 22 + -34 + 23 + -14.
-3
Calculate -1 - 7 - (11 - (-7 + 14)).
-12
Evaluate 1 + 0 - (-4 - (-5 + 6)) - 4.
2
What is -30 + 43 + -14 + -11?
-12
What is (-9 - (2 - 2)) + (-2 + 4 - 1)?
-8
Evaluate -24 + (-33 - -36) + 5 + (1 - 0).
-15
Evaluate 18 - (-21 + 38) - 10.
-9
Evaluate -1 + (-10 - (-3 + -8 + 3)).
-3
Calculate -8 + (25 - 31 - (-1 + -46)).
33
What is the value of (5 - -1) + (87 - 94)?
-1
Evaluate 3 + -6 - (-1 + 3).
-5
Evaluate 1 + -10 - (-209 + 217).
-17
What is the value of 15 + (0 - -6 - 47) - 12?
-38
Calculate -18 + (-8 - (10 + -25)) + -4.
-15
What is 6 - (-17 + -3 + (9 - -8))?
9
What is the value of -1 + -3 - (8 - (9 + -5)) - -5?
-3
What is the value of (-5 - 18) + 17 + (2 - 1 - -3)?
-2
What is (12 + 1 - (-8 - 14 - -32)) + -33?
-30
What is 15 - (-5 + 3 + (12 - 12))?
17
What is 34 - 37 - 21 - -43?
19
What is the value of (-21 - -29) + -26 - -6?
-12
What is 1 + (-10 - (-2 - 5)) + -3 + 9?
4
Calculate 17 - (-4 - 2 - -11).
12
Calculate 0 + (-18 - 0) - 2 - (6 - 14).
-12
Calculate -8 + -17 + 6 - -32.
13
What is (2 - 1) + -5 + (-18 - (-23 + 1))?
0
Evaluate -11 + (-3 - -3) + (-3 - -11).
-3
Evaluate 9 + -16 + -6 + 2 - -9 - -30.
28
Evaluate 6 + (1 + -2 - 3 - (31 + -30)).
1
What is the value of -3 + -7 - 2 - (-31 + (50 - 15))?
-16
Calculate 3 - -7 - (44 + -15 - (1 - 4)).
-22
What is -2 - (-25 + (7 - -20))?
-4
(26 - (2 + 2) - 3) + -8
11
(6 - (-12 - (1 - 4))) + -13
2
What is the value of 10 + -1 + 9 - (-2 - -8)?
12
Evaluate 26 - (-34 - -43) - 38.
-21
What is the value of 0 + -1 + (29 - 77 - -61)?
12
What is the value of 3 - ((-1 - (-13 + 5)) + -7)?
3
Calculate -177 - -180 - (-16 + 2 + -1).
18
What is -1 - -2 - (-13 - -20 - (3 - 12))?
-15
31 + (-5 - -16 - 17)
25
-28 + 14 - -10 - (12 - 8)
-8
Calculate (18 - (-12 + 75)) + 15 - -4.
-26
What is -5 - (-1 - -7) - (-11 - -10)?
-10
12 - (84 - 83) - (1 - -31)
-21
What is the value of -6 - (13 - 10 - (21 - (-1 - -5)))?
8
Evaluate 3 - -3 - (8 + -12 + 8).
2
What is the value of 47 - (-17 + 55 - 7)?
16
-143 - -136 - (1 + -12) - (1 + 15)
-12
Calculate 14 + (-1 - (-7 + -5 + 5)).
20
Evaluate -38 + 42 - (12 - 11 - (8 + 1)).
12
What is 15 + 1 + 1 + -16 + -4 + 14?
11
What is -3 + (-10 - (-7 - 5)) + 4?
3
What is the value of (-3 - -6 - (114 - 91)) + 3 + 0?
-17
What is the value of 3 + 7 + -30 + 10?
-10
What is 2 + 2 - (7 + -14 - (7 + -8))?
10
156 + -149 - (25 + (4 - 9))
-13
13 - 15 - -4 - 17
-15
What is the value of -8 - (-1 - -3) - (-10 - -7) - 11?
-18
What is the value of -9 + 12 + 6 + -24?
-15
What is the value of 9 + 10 - (24 - -5)?
-10
Evaluate -14 - (-9 - (-4 + (-18 - -5))).
-22
What is the value of 9 + -6 + -14 - -3?
-8
Evaluate 7 + (-3 - -8) + -23 + (-1 - 2).
-14
What is the value of -2 - (-5 + -16 + 16)?
3
What is the value of -4 + (-38 - (-42 + 11 - -11))?
-22
Calculate 29 + (-66 - (-51 - -39)).
-25
What is the value of 10 - 3 - (10 + 2 - -7)?
-12
What is the value of (12 - 15 - -3) + -14?
-14
48 - 26 - 8 - (19 - -3)
-8
What is -2 + 13 - (-16 + -3 + -5 + 16)?
19
Evaluate (4 + 2 + -10 - (8 - 7)) + 34.
29
Evaluate -4 + 12 - (9 - 3 - -5).
-3
Evaluate 2 - 4 - (-183 - -159).
22
-16 + (5 - 17 - -19)
-9
What is (4 - 2) + (21 - 5) + -23?
-5
-18 - (-12 + 0 + 2)
-8
What is the value of 12 + (19 - 45) - (-6 + -1)?
-7
What is the value of 294 + -309 - (-1 - 6)?
-8
What is the value of -3 - 1 - (-23 - (-16 - (-14 - -12)))?
5
Evaluate 160 - 158 - (8 - (-2 + 1)).
-7
What is (37 - 58) + (8 - -25)?
12
What is the value of 5 + -1 + (-3 - -5) + -5 + -16?
-15
Calculate (-7 - -1) + 3 + -15 + 1 + 14.
-3
What is 0 + (-1 + (1 - (-6 - -2)) - 12)?
-8
Calculate 25 + -72 + (-5 - -38).
-14
Calculate -13 + 23 - (1 + 3) - (9 + -5).
2
What is the value of -3 + 7 + 2 - (14 + -22)?
14
What is -4 - (-1 - 7) - (-3 + -5 + -2)?
14
Calculate 38 + -13 + -22 + 13.
16
What is the value of (-11 + 3 - -3) + -4 + 1?
-8
Calculate 6 + -8 - (-9 - 4).
11
What is the value of -200 + 226 + -21 + -1?
4
What is the value of -12 + (5 + 0 + -8 - -9)?
-6
What is -1 + (10 + -7 - 5) - (-41 + 11)?
27
-8 + 1 + (-11 - (-15 + 3)) - -21
15
25 + -3 - (41 - 44)
25
Evaluate 14 - (18 + (-28 - -18)).
6
What is the value of 0 - ((0 - 6) + (5 - (-7 - -3)))?
-3
What is the value of -23 + 33 + 5 + -5 + 3?
13
Calculate 4 + -4 - (-3 - (-14 + 11)).
0
What is -29 - (((24 - 9) + -11 - 19) + 10)?
-24
Evaluate -7 - 3 - (31 - 25).
-16
What is the value of 2 + -13 + (-11 - -29)?
7
What is the value of -22 - (-45 + 15 + -3)?
11
-10 + (-11 + 14 - -7 - (10 + 0))
-10
-53 + 52 + 2 + 3 + 0 + -5
-1
4 + (2 - (-12 + 8)) + -12
-2
Evaluate (2 - (-2 - -3)) + 27 + -47 - -1.
-18
Evaluate 2 + (-3 - 3 - -7 - 15).
-12
Evaluate 23 + -2 - (72 + -61).
10
-12 - (-11 + 17 - 4)
-14
Evaluate 0 - 24 - (-29 + -73 + 93).
-15
(1 - -2) + 7 - (19 + -8 + -20)
19
-9 + -11 + (3 - -3) + -13
-27
-11 + (17 - -6) - 18
-6
What is 8 + (4 + -12 + -10 - 9) - 6?
-25
Evaluate -6 - -14 - 10 - -2 - -5 - -1.
6
0 - (16 - (-12 + 1) - (-3 - -2))
-28
-16 - (-56 - -70 - (18 - 6))
-18
Evaluate (-4 + 0 - -4) + (-15 - 1).
-16
What is (1 - -20 - (-199 - -235)) + (2 - -3)?
-10
What is (11 - 0) + (-87 + 50 - (-1 - 5))?
-20
What is -15 + (-2 - (-5 - 0 - -10) - -6)?
-16
Evaluate -19 + 5 - (1 - 3 - (7 + -7)).
-12
Evaluate -32 + (-25 - -65) - (2 + 5 + 35).
-34
What is the value of (-15 - -18) + 16 + -13?
6
Calculate (0 - -1 - -2) + -2 + (550 - 554).
-3
Calculate (2 + -13 - -17) + 1 + (-5 - -1).
3
2 - 19 - (-33 + 41 + 4)
-29
Calculate (-21 - -5) + 13 - -14.
11
What is the value of -34 + (9 - (27 + -32))?
-20
2 - 19 - ((-18 - -6) + 13)
-18
Calculate -24 + (10 + -34 - -27).
-21
(-6 - -2 - -4) + (-2 - -3)
1
What is (6 + -1 - 16) + (4 + 1 - 0)?
-6
What is (-1 + 48 - -22) + -40?
29
What is 8 + 0 + (39 - (21 - -29))?
-3
-1 + (-1 - 5) + -78 + 28 + 58
1
Calculate 16 - (16 + (-17 - -17)) - (0 + 2).
-2
Calculate 30 + -30 - (-8 + (1 - 5)).
12
7 + 5 + -2 + -3 - (-49 - -51)
5
-21 + 0 - (-22 - -12)
-11
Evaluate 7 + 9 + 1 + -27 + 2.
-8
Evaluate (-16 - -9) + 11 + -6.
-2
Evaluate 10 + (-20 - (10 + -16)) - 11.
-15
-7 + 20 + -16 + 2 + -1 + 2
0
What is the value of 16 + (0 + 1 + -11 - -7)?
13
Calculate (141 - 135) + (1 - (2 - 0)) - -2.
7
What is 13 - (-1 - (-12 - -2))?
4
-1 + (0 - (2 + -7 + 0 + 19))
-15
Evaluate 2078 - 2081 - (-7 + -2 + 1 + -1).
6
What is (-2 - 1 - -2) + (-11 - (0 + -5))?
-7
Calculate (9 - 8 - (0 + -9)) + (-40 - -37).
7
Calculate -1 - ((2 - -3) + -4 - 0) - -20.
18
What is -11 - (16 - -3 - 19)?
-11
Calculate -1 + 7 - 9 - (4 - (5 + 14)).
12
What is the value of (3 - 2) + 0 - (-25 + -7 + 27)?
6
What is (-18 - (18 - 5)) + (1 - 8)?
-38
Evaluate 6 + (7 - -11) - 60.
-36
17 + (-38 - -26) - 19
-14
What is the value of 31 + (4 - (2 + -19 + 9 - -17))?
26
What is -2 + 4 + (-67 - -69)?
4
-16 + (-1 - -6 - (5 - 7)) + -1
-10
Calculate (59 - (25 - 10)) + -6.
38
0 + -4 + (0 + 4 - (4 - 3))
-1
What is the value of -109 + 72 - (-55 + -1)?
19
-5 + (-6 + (-4 - -1) - -2) + -5
-17
25 - (16 + 10) - -21
20
What is -11 + 3 - ((7 - 5) + 19 + -17)?
-12
Calculate 5 - (-3 - 6 - ((10 - 5) + -7)).
12
What is the value of -6 + (-25 - -17) + (2 - -38)?
26
What is the value of -7 + (22 - (16 + -1))?
0
30 - (-23 + (8 - -21))
24
What is the value of 39 + -15 + -9 + 25 + -14?
26
(12 - 17) + (63 - (-2 - -24))
36
What is the value of -21 + 5 + (-2 - -4 - 0)?
-14
Evaluate -11 + -2 + 1 + 98 + -148 + 40.
-22
Calculate -22 - -6 - -16 - ((-2 - 0) + -1).
3
What is (42 - 22 - -16) + -19?
17
What is (-10 - -7) + -12 - -8 - 1?
-8
Evaluate -21 + (15 - -52) + -22.
24
(-3 - 0) + 15 + -19
-7
Evaluate (1 - 10) + -11 + (-2 - (11 + 2)).
-35
What is 24 + -11 - (33 + 1)?
-21
(-41 - -24) + (-1 - -15)
-3
2 + 0 + (-4 - 3 - (-4 - -8))
-9
Calculate 9 + (-19 - 2 - (-7 + 1)).
-6
What is the value of (3 + -10 - -2